 u?
3, 5
Let r(m) be the second derivative of m**4/12 + m**3/3 + 2*m. List the prime factors of r(5).
5, 7
Suppose -r = -3*f + 94, -17 = -5*r + 8. List the prime factors of f.
3, 11
Let h = -12 + 12. Let k = h + 7. List the prime factors of k.
7
Suppose 2*f + 4*y = 28, y = 6*y - 5. Let l be 8/f + (-13)/(-3). Let t(a) = a**3 - 5*a**2 + a + 1. List the prime factors of t(l).
2, 3
Let b be 19/3 - (-12)/18. Suppose 4*a - b = 57. What are the prime factors of a?
2
Suppose 5*z + 4*r + 6 = 2*z, -4*r = z + 10. List the prime factors of z.
2
Let b = 23 + -14. Let a(o) = -o**3 + 8*o**2 + 9*o + 2. Let v be a(b). Suppose -c - v*u - u = -1, 3 = 2*c + 5*u. What are the prime factors of c?
2
Let g be 2/5 + (-44)/10. Let d be (2/g - 0)*0. Suppose -3*l + d*l = -5*q + 54, -5*q = 5*l - 70. What are the prime factors of q?
2, 3
Let o(j) = j**2 - 524. Let v be o(0). What are the prime factors of 8/44 - v/22?
2, 3
Suppose 0 = 2*z - 4, -129 - 34 = -3*f + 4*z. Suppose -19 = 2*p - f. List the prime factors of p.
19
Let y = -18 + 115. List the prime factors of y.
97
Suppose 3*q + 7 + 26 = 0. List the prime factors of (q - 0)/(-5 - -4).
11
Suppose 9 + 5 = 2*r. Let b = r - -2. Suppose 3*p + 4*j - 2 - 46 = 0, b = 3*j. List the prime factors of p.
2, 3
Let b(d) = d**2 - 11*d + 2. Let a be b(11). Suppose v + 2*i = 3*v - 14, 0 = -v - a*i - 8. Let c(x) = 5*x. What are the prime factors of c(v)?
2, 5
Let z = 0 + 0. Suppose z*h + 5*h - 3*q = 190, -3*q + 90 = 3*h. What are the prime factors of h?
5, 7
Let g = 20 - 2. What are the prime factors of g?
2, 3
Let x be (-1 - 1)/((-6)/69). Let i = x - 13. List the prime factors of i/3*(5 + -2).
2, 5
Let z(q) = q**2 - 9*q + 10. Suppose -5*a - 5*n + 51 + 4 = 0, -2*a = -n - 19. What are the prime factors of z(a)?
2, 5
Let k(q) = -q**3 + 10*q**2 - 19*q + 2. List the prime factors of k(6).
2
Let t be ((-1)/(-2))/((-3)/48). Let y = t + 17. List the prime factors of 0/y + 10 + 0.
2, 5
Let a be (-14)/(-77) + (-48)/22. What are the prime factors of -2*(-3)/a*-3?
3
Let f be ((-8)/(-20))/(1/(-65)). List the prime factors of (-4)/f + (-4545)/(-117).
3, 13
Let j(v) = -12*v + 3. What are the prime factors of j(-2)?
3
Suppose n = 5*u - n - 16, -4*n = 2*u - 16. Suppose -u*b - 20 = -6*b. What are the prime factors of b?
2, 5
Suppose -2*w = 4*v - 68, 5*w - 2*v = -5*v + 156. Suppose -n + 30 = 2*u - 0*n, -2*u + w = -5*n. List the prime factors of u.
3, 5
Let h be 25/5*2/5. Suppose 54 = h*z - 0*z. What are the prime factors of z?
3
Let i = -12 - -11. List the prime factors of i/(-4) - 67/(-4).
17
Suppose -w = 4*w - 5. Suppose 0 = -u - u + 2. Suppose a = u + w. What are the prime factors of a?
2
Let v be -5*6/(-75)*-30. Let y(s) = -5*s - 16. What are the prime factors of y(v)?
2, 11
Suppose -420 = -4*z - 4*i, -5*z + 555 = 2*i - 3*i. List the prime factors of z.
2, 5, 11
Suppose 0*x + 4*y - 3 = -x, -2*x = 3*y - 11. Suppose -38 = -2*i + 12. Suppose 3*w - i = -x. What are the prime factors of w?
2, 3
Let q(c) = -c - 3. Let y be q(-5). Suppose -y + 11 = -3*a. Let m = a - -6. What are the prime factors of m?
3
Let r(i) be the third derivative of i**5/60 - 5*i**4/24 + i**3/3 + 3*i**2. What are the prime factors of r(5)?
2
Let w be 2/12 + 505/30. Suppose 0*c = 3*c + 3, 4*z - w = c. What are the prime factors of z?
2
Suppose -17 = 3*s + 19. Let u = s - -2. List the prime factors of (-114)/u - 2/5.
11
Let l = -75 + 148. List the prime factors of l.
73
Let f(t) = -2*t**3 - t**2 - 2*t - 1. Let y be f(-1). Suppose 2*i + c - 16 = -3*c, y*c - 48 = -5*i. Let x = 19 - i. What are the prime factors of x?
3
Let h = -6 + 7. Let w be 42/35 + h/(-5). Suppose 2 = u - w. What are the prime factors of u?
3
Let l(r) = 2*r**2 + 2*r - 3. List the prime factors of l(4).
37
What are the prime factors of (-20)/(-35) + 486/7?
2, 5, 7
Let z be -12*(3 - (-29)/(-3)). Suppose -4*y - z = -9*y. List the prime factors of y.
2
Let c(w) = w + 4. Let x be c(-10). Let d(g) = g**2 + 2*g - 4. What are the prime factors of d(x)?
2, 5
Suppose -5*s = 5*t - 460, -s - 120 + 34 = -t. List the prime factors of t.
89
Let r(f) = f - 4. Let n be r(11). Suppose 3*q - 12 = 0, -l + 24 = n*q - 3*q. Let x = -5 + l. What are the prime factors of x?
3
Let c be (4/3)/(2/12). Suppose 1 + c = v. List the prime factors of v.
3
Let m(i) = 3*i**2 + 10*i + 6. Let o(v) = 2*v**2 + 7*v + 4. Let c(j) = 5*m(j) - 7*o(j). What are the prime factors of c(0)?
2
Suppose -8 = -5*i + 2*n, 3 = -2*i + 5*n + 23. Suppose i*o = o - 8. What are the prime factors of o?
2
Suppose 3*y = -5*o + 35, 4*o - 32 = -3*y + 2*o. Let c = y - -15. Suppose -5*s + c = 3*u, -3*u - s + 29 = -0*s. What are the prime factors of u?
2, 5
Suppose y + 3*y - 116 = 0. Suppose s + 11 = y. What are the prime factors of s?
2, 3
Let s = 45 - -136. What are the prime factors of s?
181
Let n(t) = -t + 3. Let u be n(6). List the prime factors of 0 + 0 + 26 + u.
23
List the prime factors of 71 + 1 + (-2 - 0).
2, 5, 7
Let o(s) = 3*s**2 - 1. Let v be o(-1). Suppose -v*a + 17 + 1 = 0. List the prime factors of a.
3
Suppose 20*m + 378 = 27*m. List the prime factors of m.
2, 3
Let v = 61 - 40. List the prime factors of (-3)/7 + 513/v.
2, 3
List the prime factors of -3 + 1/(4/96).
3, 7
Suppose -4*h = 2*z - 80, 141 = 3*z - 2*h + h. List the prime factors of z.
2, 23
Let z = -72 + 168. What are the prime factors of z?
2, 3
Let x(c) = 2*c**2 + 2*c + 1. Let h(o) = 2*o**2 + o + 1. Let b(m) = 3*h(m) - 2*x(m). Let t be b(1). Suppose -1 - t = -g. What are the prime factors of g?
3
Suppose -5*l = 0, 4*l = i - 4*i. Suppose i = f - 4*f + 153. Suppose -11 = 4*p - f. List the prime factors of p.
2, 5
Suppose -u + 12 + 5 = 4*p, -p + 3*u = -1. Suppose m + 4*f - 15 = 0, -7*m + p*f + 160 = -3*m. What are the prime factors of m?
5, 7
Suppose 8*k + 121 - 609 = 0. List the prime factors of k.
61
Let a(h) = -2 + 3 + 2*h + 4*h. Let d = 5 - 4. List the prime factors of a(d).
7
Let t be (-48)/(-36) - 58/3. Let n = 33 + t. List the prime factors of n.
3, 5
Suppose -p = 2*d - 0*p - 41, -2*d - 4*p + 50 = 0. Suppose -1 + d = g. What are the prime factors of g?
2, 3
Suppose 0 = 3*c - 5*b - 132, 2*c + 3*b - 88 = b. List the prime factors of c.
2, 11
Let x(g) = -g**3 - 8*g**2 - 9*g - 8. Suppose 21 = -3*z - 2*m - 0*m, z + 3*m + 7 = 0. What are the prime factors of x(z)?
2, 3
Let y(i) = -i - i**3 - i + 0*i - 4*i**2. Let j be -2*((1 - 0) + 1). List the prime factors of y(j).
2
Let d = 5 - 3. Suppose -3*r - 45 = 3*t, 3*t - d*t = -3*r - 25. Let m(h) = h**3 + 11*h**2 + 10*h + 9. List the prime factors of m(t).
3
Let q be (-1 - -1)/(-2 + 1). Suppose -7*f = -i - 3*f + 31, q = i + 5*f - 22. List the prime factors of i.
3
Suppose -5*w = -27 - 13. Suppose -5*v = -v + w. Let u(o) = 3*o**2 + o - 1. List the prime factors of u(v).
3
Suppose -35 = -5*q - 5*s, -5*q - 4*s = -8*s + 10. List the prime factors of q.
2
Let r = -3 + 7. Suppose b - w + 25 = r*b, 4*w = -4*b + 28. Suppose b = g + 2. What are the prime factors of g?
7
Suppose -3*f - 2*f = -180. List the prime factors of f.
2, 3
Suppose -m = 2*o - 121, 0 = -2*m - 2*o + 4*o + 212. List the prime factors of m.
3, 37
Suppose -15*n = -2*n - 4576. List the prime factors of n.
2, 11
Suppose -2*v = -4*o + 14, -2*o - 5 = -5*v - 0. Let l(u) = u**3 - 6*u**2 + 4*u + 5. Let y be l(5). Let p = o - y. List the prime factors of p.
5
Suppose v = -0*v + 25. Let d = v + -6. What are the prime factors of d?
19
Let u(t) = 50*t**2 - t - 2. Let f be u(-2). Suppose -2*v + 7*v = f. Suppose -6*y + 4*y = -v. What are the prime factors of y?
2, 5
Let w = -16 - -21. Suppose -164 = -w*o - 4*t, 95 + 1 = 3*o + 3*t. List the prime factors of o.
2, 3
Suppose 5*f - 16 = 2*r, 0 = 5*f - 4*r - 1 - 21. Suppose 5*v + 3*d - 41 = f, -d + 17 = 2*v. What are the prime factors of v?
2
Suppose 5*s = -2*u + 66, -4*u - 104 = -8*u - 3*s. What are the prime factors of u?
23
What are the prime factors of (1/3)/(1/78)?
2, 13
Let n(d) = -d**3 + 8*d**2 - 10*d + 6. Let k be (0*2/2)/1. Let t = 6 + k. What are the prime factors of n(t)?
2, 3
Let d(o) = -o**2 - 11*o - 11. Let y be d(-9). Let a(f) = f**3 - 6*f**2 - 5*f - 5. What are the prime factors of a(y)?
3
Suppose 16 = -3*o + 55. Let n = o + -4. What are the prime factors of n?
3
Suppose 3*u + 2*x = -2*u + 473, 5*u + 3*x = 477. What are the prime factors of u?
3, 31
L